{"id":146,"date":"2024-02-24T15:34:33","date_gmt":"2024-02-24T18:34:33","guid":{"rendered":"http:\/\/aefa.org.br\/?page_id=146"},"modified":"2024-03-19T17:19:39","modified_gmt":"2024-03-19T20:19:39","slug":"maos-franciscanas","status":"publish","type":"page","link":"https:\/\/aefa.org.br\/?page_id=146","title":{"rendered":"M\u00e3os Franciscanas"},"content":{"rendered":"<p>[et_pb_section fb_built=&#8221;1&#8243; _builder_version=&#8221;4.14.5&#8243; _module_preset=&#8221;default&#8221; hover_enabled=&#8221;0&#8243; global_colors_info=&#8221;{}&#8221; use_background_color_gradient=&#8221;on&#8221; sticky_enabled=&#8221;0&#8243;][et_pb_row _builder_version=&#8221;4.14.5&#8243; _module_preset=&#8221;default&#8221; global_colors_info=&#8221;{}&#8221;][et_pb_column type=&#8221;4_4&#8243; _builder_version=&#8221;4.14.5&#8243; _module_preset=&#8221;default&#8221; global_colors_info=&#8221;{}&#8221;][et_pb_text _builder_version=&#8221;4.14.5&#8243; _module_preset=&#8221;default&#8221; global_colors_info=&#8221;{}&#8221;]<\/p>\n<h2 style=\"text-align: center;\">Projeto M\u00e3os Franciscanas<\/h2>\n<p>[\/et_pb_text][\/et_pb_column][\/et_pb_row][et_pb_row _builder_version=&#8221;4.14.5&#8243; _module_preset=&#8221;default&#8221; global_colors_info=&#8221;{}&#8221;][et_pb_column type=&#8221;4_4&#8243; _builder_version=&#8221;4.14.5&#8243; _module_preset=&#8221;default&#8221; global_colors_info=&#8221;{}&#8221;][et_pb_text _builder_version=&#8221;4.14.5&#8243; _module_preset=&#8221;default&#8221; hover_enabled=&#8221;0&#8243; global_colors_info=&#8221;{}&#8221; sticky_enabled=&#8221;0&#8243;]<\/p>\n<p><span style=\"color: #000000;\">O <strong>Projeto M\u00e3os Franciscanas<\/strong> atende pessoas em situa\u00e7\u00e3o de extrema vulnerabilidade. O trabalho \u00e9 realizado aos s\u00e1bados e o formato atual teve in\u00edcio durante a pandemia. Os acolhidos recebem caf\u00e9 da manh\u00e3, almo\u00e7o e janta. Oferecemos ainda \u00e1gua fluidificada e passe, banho e roupas limpas, auriculoterapia, corte de cabelo e barba. O Projeto funciona atrav\u00e9s de equipes de volunt\u00e1rios e se sustenta por meio de doa\u00e7\u00f5es. Recebemos todas as pessoas com respeito e carinho. Somos sempre gratos a Deus e a Francisco de Assis pela oportunidade do trabalho.<\/span><\/p>\n<p>[\/et_pb_text][\/et_pb_column][\/et_pb_row][et_pb_row column_structure=&#8221;1_3,1_3,1_3&#8243; _builder_version=&#8221;4.14.5&#8243; _module_preset=&#8221;default&#8221; global_colors_info=&#8221;{}&#8221;][et_pb_column type=&#8221;1_3&#8243; _builder_version=&#8221;4.14.5&#8243; _module_preset=&#8221;default&#8221; global_colors_info=&#8221;{}&#8221;][et_pb_image src=&#8221;http:\/\/aefa.org.br\/wp-content\/uploads\/2024\/02\/projeto1.jpg&#8221; title_text=&#8221;projeto1&#8243; align=&#8221;center&#8221; _builder_version=&#8221;4.14.5&#8243; _module_preset=&#8221;default&#8221; global_colors_info=&#8221;{}&#8221;][\/et_pb_image][\/et_pb_column][et_pb_column type=&#8221;1_3&#8243; _builder_version=&#8221;4.14.5&#8243; _module_preset=&#8221;default&#8221; global_colors_info=&#8221;{}&#8221;][et_pb_image src=&#8221;http:\/\/aefa.org.br\/wp-content\/uploads\/2024\/02\/projeto2.jpg&#8221; title_text=&#8221;projeto2&#8243; align=&#8221;center&#8221; _builder_version=&#8221;4.14.5&#8243; _module_preset=&#8221;default&#8221; global_colors_info=&#8221;{}&#8221;][\/et_pb_image][\/et_pb_column][et_pb_column type=&#8221;1_3&#8243; _builder_version=&#8221;4.14.5&#8243; _module_preset=&#8221;default&#8221; global_colors_info=&#8221;{}&#8221;][et_pb_image src=&#8221;http:\/\/aefa.org.br\/wp-content\/uploads\/2024\/02\/projeto3.jpg&#8221; title_text=&#8221;projeto3&#8243; align=&#8221;center&#8221; _builder_version=&#8221;4.14.5&#8243; _module_preset=&#8221;default&#8221; global_colors_info=&#8221;{}&#8221;][\/et_pb_image][\/et_pb_column][\/et_pb_row][et_pb_row _builder_version=&#8221;4.14.5&#8243; _module_preset=&#8221;default&#8221;][et_pb_column _builder_version=&#8221;4.14.5&#8243; _module_preset=&#8221;default&#8221; type=&#8221;4_4&#8243;][et_pb_text _builder_version=&#8221;4.14.5&#8243; _module_preset=&#8221;default&#8221; hover_enabled=&#8221;0&#8243; sticky_enabled=&#8221;0&#8243;]<\/p>\n<p style=\"text-align: justify;\"><span style=\"color: #000000;\">A <b>benefic\u00eancia<\/b>, meus amigos, dar-vos-\u00e1 nesse mundo os mais puros e suaves deleites, as alegrias do cora\u00e7\u00e3o, que nem o remorso, nem a indiferen\u00e7a perturbam. Oh! Pud\u00e9sseis compreender tudo o que de grande e de agrad\u00e1vel encerra a generosidade das almas belas, sentimento que faz olhe a criatura as outras como olha a si mesma, e se dispa, jubilosa, para vestir o seu irm\u00e3o! Pud\u00e9sseis, meus amigos, ter por \u00fanica ocupa\u00e7\u00e3o tornar felizes os outros!<\/span><\/p>\n<p>[\/et_pb_text][\/et_pb_column][\/et_pb_row][et_pb_row _builder_version=&#8221;4.14.5&#8243; _module_preset=&#8221;default&#8221; column_structure=&#8221;1_3,1_3,1_3&#8243;][et_pb_column _builder_version=&#8221;4.14.5&#8243; _module_preset=&#8221;default&#8221; type=&#8221;1_3&#8243;][et_pb_image src=&#8221;http:\/\/aefa.org.br\/wp-content\/uploads\/2024\/03\/barbearia.jpg&#8221; _builder_version=&#8221;4.14.5&#8243; _module_preset=&#8221;default&#8221; title_text=&#8221;barbearia&#8221; hover_enabled=&#8221;0&#8243; sticky_enabled=&#8221;0&#8243;][\/et_pb_image][\/et_pb_column][et_pb_column _builder_version=&#8221;4.14.5&#8243; _module_preset=&#8221;default&#8221; type=&#8221;1_3&#8243;][et_pb_image _builder_version=&#8221;4.14.5&#8243; _module_preset=&#8221;default&#8221; title_text=&#8221;auriculoterapia1&#8243; src=&#8221;http:\/\/aefa.org.br\/wp-content\/uploads\/2024\/03\/auriculoterapia1.jpg&#8221; hover_enabled=&#8221;0&#8243; sticky_enabled=&#8221;0&#8243;][\/et_pb_image][\/et_pb_column][et_pb_column _builder_version=&#8221;4.14.5&#8243; _module_preset=&#8221;default&#8221; type=&#8221;1_3&#8243;][et_pb_image src=&#8221;http:\/\/aefa.org.br\/wp-content\/uploads\/2024\/03\/roupas.jpg&#8221; _builder_version=&#8221;4.14.5&#8243; _module_preset=&#8221;default&#8221; title_text=&#8221;roupas&#8221; hover_enabled=&#8221;0&#8243; sticky_enabled=&#8221;0&#8243;][\/et_pb_image][\/et_pb_column][\/et_pb_row][\/et_pb_section]<\/p>\n","protected":false},"excerpt":{"rendered":"<p>Projeto M\u00e3os FranciscanasO Projeto M\u00e3os Franciscanas atende pessoas em situa\u00e7\u00e3o de extrema vulnerabilidade. O trabalho \u00e9 realizado aos s\u00e1bados e o formato atual teve in\u00edcio durante a pandemia. Os acolhidos recebem caf\u00e9 da manh\u00e3, almo\u00e7o e janta. Oferecemos ainda \u00e1gua fluidificada e passe, banho e roupas limpas, auriculoterapia, corte de cabelo e barba. O Projeto [&hellip;]<\/p>\n","protected":false},"author":1,"featured_media":0,"parent":0,"menu_order":0,"comment_status":"closed","ping_status":"closed","template":"","meta":{"_et_pb_use_builder":"on","_et_pb_old_content":"","_et_gb_content_width":"","footnotes":""},"class_list":["post-146","page","type-page","status-publish","hentry"],"_links":{"self":[{"href":"https:\/\/aefa.org.br\/index.php?rest_route=\/wp\/v2\/pages\/146","targetHints":{"allow":["GET"]}}],"collection":[{"href":"https:\/\/aefa.org.br\/index.php?rest_route=\/wp\/v2\/pages"}],"about":[{"href":"https:\/\/aefa.org.br\/index.php?rest_route=\/wp\/v2\/types\/page"}],"author":[{"embeddable":true,"href":"https:\/\/aefa.org.br\/index.php?rest_route=\/wp\/v2\/users\/1"}],"replies":[{"embeddable":true,"href":"https:\/\/aefa.org.br\/index.php?rest_route=%2Fwp%2Fv2%2Fcomments&post=146"}],"version-history":[{"count":5,"href":"https:\/\/aefa.org.br\/index.php?rest_route=\/wp\/v2\/pages\/146\/revisions"}],"predecessor-version":[{"id":221,"href":"https:\/\/aefa.org.br\/index.php?rest_route=\/wp\/v2\/pages\/146\/revisions\/221"}],"wp:attachment":[{"href":"https:\/\/aefa.org.br\/index.php?rest_route=%2Fwp%2Fv2%2Fmedia&parent=146"}],"curies":[{"name":"wp","href":"https:\/\/api.w.org\/{rel}","templated":true}]}}