{"id":159,"date":"2024-02-24T15:57:06","date_gmt":"2024-02-24T18:57:06","guid":{"rendered":"http:\/\/aefa.org.br\/?page_id=159"},"modified":"2024-02-24T15:57:06","modified_gmt":"2024-02-24T18:57:06","slug":"batuira","status":"publish","type":"page","link":"https:\/\/aefa.org.br\/?page_id=159","title":{"rendered":"Batuira"},"content":{"rendered":"<p>[et_pb_section fb_built=&#8221;1&#8243; theme_builder_area=&#8221;post_content&#8221; _builder_version=&#8221;4.14.5&#8243; _module_preset=&#8221;default&#8221;][et_pb_row _builder_version=&#8221;4.14.5&#8243; _module_preset=&#8221;default&#8221; column_structure=&#8221;2_3,1_3&#8243; theme_builder_area=&#8221;post_content&#8221;][et_pb_column _builder_version=&#8221;4.14.5&#8243; _module_preset=&#8221;default&#8221; type=&#8221;2_3&#8243; theme_builder_area=&#8221;post_content&#8221;][et_pb_text _builder_version=&#8221;4.14.5&#8243; _module_preset=&#8221;default&#8221; theme_builder_area=&#8221;post_content&#8221; hover_enabled=&#8221;0&#8243; sticky_enabled=&#8221;0&#8243;]<\/p>\n<h2 style=\"text-align: center;\">Campanha do Kilo<\/h2>\n<p>[\/et_pb_text][et_pb_text _builder_version=&#8221;4.14.5&#8243; _module_preset=&#8221;default&#8221; theme_builder_area=&#8221;post_content&#8221; hover_enabled=&#8221;0&#8243; sticky_enabled=&#8221;0&#8243;]<\/p>\n<p>Grupo Batu\u00edra S\u00e3o fam\u00edlias em situa\u00e7\u00e3o de vulnerabilidade que s\u00e3o previamente cadastradas, acompanhadas e orientadas conforme avalia\u00e7\u00e3o. Recebem cesta b\u00e1sica mensal e participam dos trabalhos da AEFA. Todas as cestas s\u00e3o montadas a partir da doa\u00e7\u00e3o de alimentos. Participe!<\/p>\n<p>[\/et_pb_text][et_pb_text _builder_version=&#8221;4.14.5&#8243; _module_preset=&#8221;default&#8221; theme_builder_area=&#8221;post_content&#8221; hover_enabled=&#8221;0&#8243; sticky_enabled=&#8221;0&#8243;]<\/p>\n<p>Caridade! Sublime palavra que sintetiza todas as virtudes, \u00e9s tu que h\u00e1s de conduzir os povos \u00e0 felicidade. Praticando-te, criar\u00e3o eles para si infinitos gozos no futuro e, enquanto se acharem exilados na Terra, tu lhes ser\u00e1s a consola\u00e7\u00e3o, o prelibar das alegrias de que fruir\u00e3o mais tarde, quando se encontrarem reunidos no seio do Deus de amor. Foste tu, virtude divina, que me proporcionaste os \u00fanicos momentos de satisfa\u00e7\u00e3o de que gozei na Terra. Que os meus irm\u00e3os encarnados creiam na palavra do amigo que lhes fala, dizendo-lhes: \u00c9 na caridade que deveis procurar a paz do cora\u00e7\u00e3o, o contentamento da alma, o rem\u00e9dio para as afli\u00e7\u00f5es da vida.<\/p>\n<p>[\/et_pb_text][\/et_pb_column][et_pb_column _builder_version=&#8221;4.14.5&#8243; _module_preset=&#8221;default&#8221; type=&#8221;1_3&#8243; theme_builder_area=&#8221;post_content&#8221;][et_pb_image _builder_version=&#8221;4.14.5&#8243; _module_preset=&#8221;default&#8221; theme_builder_area=&#8221;post_content&#8221; title_text=&#8221;GrupoBatuira300&#8243; src=&#8221;http:\/\/aefa.org.br\/wp-content\/uploads\/2024\/02\/GrupoBatuira300.png&#8221; hover_enabled=&#8221;0&#8243; sticky_enabled=&#8221;0&#8243;][\/et_pb_image][\/et_pb_column][\/et_pb_row][et_pb_row _builder_version=&#8221;4.14.5&#8243; _module_preset=&#8221;default&#8221; column_structure=&#8221;1_2,1_2&#8243; theme_builder_area=&#8221;post_content&#8221;][et_pb_column _builder_version=&#8221;4.14.5&#8243; _module_preset=&#8221;default&#8221; type=&#8221;1_2&#8243; theme_builder_area=&#8221;post_content&#8221;][et_pb_image _builder_version=&#8221;4.14.5&#8243; _module_preset=&#8221;default&#8221; theme_builder_area=&#8221;post_content&#8221; title_text=&#8221;kilo1&#8243; src=&#8221;http:\/\/aefa.org.br\/wp-content\/uploads\/2024\/02\/kilo1.jpg&#8221; hover_enabled=&#8221;0&#8243; sticky_enabled=&#8221;0&#8243;][\/et_pb_image][\/et_pb_column][et_pb_column _builder_version=&#8221;4.14.5&#8243; _module_preset=&#8221;default&#8221; type=&#8221;1_2&#8243; theme_builder_area=&#8221;post_content&#8221;][et_pb_image _builder_version=&#8221;4.14.5&#8243; _module_preset=&#8221;default&#8221; theme_builder_area=&#8221;post_content&#8221; title_text=&#8221;kiko2&#8243; src=&#8221;http:\/\/aefa.org.br\/wp-content\/uploads\/2024\/02\/kiko2.jpg&#8221; hover_enabled=&#8221;0&#8243; sticky_enabled=&#8221;0&#8243;][\/et_pb_image][\/et_pb_column][\/et_pb_row][\/et_pb_section]<\/p>\n","protected":false},"excerpt":{"rendered":"<p>Campanha do KiloGrupo Batu\u00edra S\u00e3o fam\u00edlias em situa\u00e7\u00e3o de vulnerabilidade que s\u00e3o previamente cadastradas, acompanhadas e orientadas conforme avalia\u00e7\u00e3o. Recebem cesta b\u00e1sica mensal e participam dos trabalhos da AEFA. Todas as cestas s\u00e3o montadas a partir da doa\u00e7\u00e3o de alimentos. Participe!Caridade! Sublime palavra que sintetiza todas as virtudes, \u00e9s tu que h\u00e1s de conduzir os [&hellip;]<\/p>\n","protected":false},"author":1,"featured_media":0,"parent":0,"menu_order":0,"comment_status":"closed","ping_status":"closed","template":"","meta":{"_et_pb_use_builder":"on","_et_pb_old_content":"","_et_gb_content_width":"","footnotes":""},"class_list":["post-159","page","type-page","status-publish","hentry"],"_links":{"self":[{"href":"https:\/\/aefa.org.br\/index.php?rest_route=\/wp\/v2\/pages\/159","targetHints":{"allow":["GET"]}}],"collection":[{"href":"https:\/\/aefa.org.br\/index.php?rest_route=\/wp\/v2\/pages"}],"about":[{"href":"https:\/\/aefa.org.br\/index.php?rest_route=\/wp\/v2\/types\/page"}],"author":[{"embeddable":true,"href":"https:\/\/aefa.org.br\/index.php?rest_route=\/wp\/v2\/users\/1"}],"replies":[{"embeddable":true,"href":"https:\/\/aefa.org.br\/index.php?rest_route=%2Fwp%2Fv2%2Fcomments&post=159"}],"version-history":[{"count":3,"href":"https:\/\/aefa.org.br\/index.php?rest_route=\/wp\/v2\/pages\/159\/revisions"}],"predecessor-version":[{"id":164,"href":"https:\/\/aefa.org.br\/index.php?rest_route=\/wp\/v2\/pages\/159\/revisions\/164"}],"wp:attachment":[{"href":"https:\/\/aefa.org.br\/index.php?rest_route=%2Fwp%2Fv2%2Fmedia&parent=159"}],"curies":[{"name":"wp","href":"https:\/\/api.w.org\/{rel}","templated":true}]}}